 5. Let k be t(36). Let i(a) = a**3 + 30*a**2 - 32*a - 32. Give i(k).
-1
Let k(t) = 3*t**2 + 2*t + 1. Let b = 184 + -164. Suppose -3*y + 4*z = -1, 4*y - z = b - 23. Give k(y).
2
Let f(j) = -29*j**2 + j + 6. Let y(i) = 54*i**2 + 3*i - 12. Let q(h) = 11*f(h) + 6*y(h). Give q(-8).
82
Let s(n) = -8*n + 89. Let j = 12319 + -12300. What is s(j)?
-63
Let y(x) = 5*x. Let m(o) = 3*o**2 + 20*o - 9. Let q(r) = -m(r) + 4*y(r). Give q(-6).
-99
Let k(h) be the third derivative of h**6/120 - h**5/10 + h**4/8 - h**3/6 - 2*h**2. Let p be (-1)/4*4 - -9*16/24. Calculate k(p).
-11
Suppose 9 = -3*q, 3*f - 2*q = 2 + 10. Suppose i + 8 = a + 3*i, 0 = -2*a - i + 19. Let g be a/(-4)*2 + f. Let z(s) = -s**3 - 4*s**2 - 3*s - 4. Determine z(g).
-4
Suppose -14 = -5*c - s, 5*c - 85*s + 94*s - 86 = 0. Let d(h) be the second derivative of h**5/20 + h**2/2 + h. Give d(c).
2
Let n(b) be the first derivative of b**3/3 + 15*b**2/2 + 47*b - 2535. Determine n(-9).
-7
Let b(x) = -8*x**3 - 3*x - 2. Let f be ((-12)/4 - -6) + (-2 - 2). Give b(f).
9
Let x(u) be the first derivative of -u**4/4 - 2*u**3 - 7*u**2/2 + 5*u + 3331. Calculate x(-4).
1
Let z(i) = -i**3 - 20*i**2 + 21*i - 21. Let o(v) = -3*v**2 + 79*v + 211. Let f be o(29). Calculate z(f).
-21
Let d(i) = -154*i + 117. Let x(y) = -70*y + 59. Let j(h) = -3*d(h) + 7*x(h). Determine j(2).
6
Suppose 283 + 23 = 9*z. Let g(u) = -z*u + 6 + 65*u - 29*u. Give g(-5).
-4
Let f(u) = u**3 + 36*u**2 + 9*u - 25. Let g(b) = b**3 + 31*b**2 + 6*b - 27. Let r(o) = -5*f(o) + 6*g(o). Give r(-6).
17
Let s(y) be the first derivative of -15*y**2/2 + 22*y + 3085. Determine s(4).
-38
Let i(v) = 32*v**2 - 68*v - 72. Let m be i(3). Let y(b) = b**2 - 13*b + 5. Determine y(m).
-7
Let s(i) = -20 - 2*i**3 - 20 + 40 - 18*i**2 - 12*i + 11*i - 5. What is s(-9)?
4
Let i(m) = 30*m**2 - 4*m**3 - m**2 + 16*m + 14*m**3 - 18 - 8*m**3 - 4*m**3. What is i(15)?
-3
Let m(l) = 11 + 5*l + 7602*l**2 + 7606*l**2 - 15209*l**2 + 5. Give m(-9).
-110
Let n be (14/(-4) + 4)*14. Suppose n*c + 11*c = 0. Let j(i) = 8*i - 9*i + i - 4 - i**2. Determine j(c).
-4
Let k(i) be the first derivative of -i**4 + 8*i**3/3 + 5*i**2/2 + 3*i - 39. Let h(m) = 11*m**3 - 23*m**2 - 15*m - 8. Let u(n) = -3*h(n) - 8*k(n). Give u(6).
-6
Let x be (-1)/4 + 414/24. Let m(q) = -q**2 + 7*q + 177. Let n be m(x). Let k(p) = -p. What is k(n)?
-7
Let n(k) = k**2 + 4*k - 19. Suppose -5*w = -z + 24, -z - 182*w + 185*w = -12. What is n(z)?
-7
Suppose 4*c - 5*c + 3 = 0. Let g(n) = 11*n**2 - n**3 + 3*n - 6*n**2 + 1 + 2*n**c. Let o be 11/(-2) + (-497)/(-142). Calculate g(o).
7
Let m(p) = -2*p**3 - 3*p**2. Let g be (-6 - (-736)/112)/((-4)/14). Let y be (-1*(-7 + 6))/(g/4). What is m(y)?
4
Let n(c) = -c**2 + 7*c - 1. Suppose 2*u + 2*d + 9 = -5, u - 8 = 4*d. Let i(x) = -x**2 - 5*x - 1. Let l be i(u). Suppose 0*b - 12 = -l*b. Give n(b).
11
Let m(s) = -22*s**2 - 26. Let h(d) = 37*d**2 - 5*d + 53. Let o(b) = 3*h(b) + 5*m(b). Calculate o(14).
15
Let h(m) = 7*m - 126. Let x(g) = g + 29. Let t(b) = -h(b) - x(b). What is t(11)?
9
Let c = 0 + -3. Let n(g) = 1569*g - 400*g - 389*g + 10 - 381*g - 394*g. What is n(c)?
-5
Let u(s) = s**3 - 10*s**2 - 12*s + 13. Let m = 51 - 40. Let a be u(m). Let q be -8*a/(-12)*6. Let r(n) = -n**3 + 9*n**2 - 7*n - 5. Determine r(q).
3
Suppose 5*a = -0 - 0. Suppose a = 11*c - 95 - 4. Let k(m) = 6 - 9*m**2 + c*m + m**3 - 4 - 8. What is k(8)?
2
Let c be (19/(-2) + 840/105)*(1 - -5). Let s(k) = -k**3 - 10*k**2 - 12*k - 11. Give s(c).
16
Let j be 136/1768 + 8*62/(-26). Let z(f) = -6*f**2 - 116*f - 28. Calculate z(j).
10
Let i(c) = -c**3 - 7*c**2 + c - 7. Let u be ((-2)/2*(-4 - -5))/((-4)/(-32)). What is i(u)?
49
Let i(h) = h**2 + 2*h. Suppose 3*k = -4*b - 9, 5*k - 9*b - 20 = -4*b. Let j be (-11)/44 + 3/12 - k. Calculate i(j).
-1
Let c(a) = -a**2 - 18*a + a**3 + 7*a + 4*a + 2*a**2 + 4*a**2. Determine c(-6).
6
Let c(f) = 3*f + 45. Let s be c(-14). Let a(h) be the third derivative of -35*h**2 + 1/60*h**5 + 0 + 0*h - 1/24*h**4 - 1/6*h**3. What is a(s)?
5
Let u(c) = -10*c**2 - 67*c + 471. Let f be u(-11). Let k(m) = -38*m. What is k(f)?
76
Suppose 0 = -5*d + 133 - 118. Let j(l) = 6*l - l**2 - 54*l**d + 58*l**3 - 6*l. Give j(-1).
-5
Let s(o) be the first derivative of -o**3/3 + 5*o**2/2 + 3*o + 8813. Suppose 6*k = 4*k - 4. Let u be 2/(k/20*-4). Determine s(u).
3
Suppose w + 5 = 8. Let r(j) = -4*j**2 + 3*j + 0*j + 109443*j**3 - 109442*j**3. Calculate r(w).
0
Let b(u) = -689*u + 7577. Let v be b(11). Let c be (-11)/(-2) - 3/(-6). Let s(r) = c*r + 4 - 5 + 2. Give s(v).
-11
Let w(z) = 2*z**2 + 2*z + 3. Let c be w(-1). Suppose -c*x = 2*x + x. Let t be (21/3)/(1 + x + -2). Let i(m) = m**3 + 8*m**2 + 10*m + 9. Give i(t).
-12
Suppose -1 = -g + 2*y + 7, -5*g + y + 13 = 0. Suppose 4*a - 12 = -g*u, -10*u + 27 = -9*u - 5*a. Let t(p) = -p**3 + 12*p**2 - 2*p + 14. What is t(u)?
-10
Let d(z) = -7*z - 3*z - z - 3*z - 1 + 3*z. Suppose j + 6 = 7. Determine d(j).
-12
Let s(d) = -2*d**3 - d. Let v(f) = -14*f**3 - 25*f**2 + 10*f + 41. Let r(n) = -6*s(n) + v(n). Calculate r(-13).
2
Let s(r) = 22*r**2 - 56*r - 56. Let w(v) = 32*v**2 - 84*v - 85. Let b(t) = -10*s(t) + 7*w(t). Determine b(8).
-3
Let w(n) = 2*n - 3. Let r be w(1). Let a(j) = j - 3302 + 3303 + 2*j. What is a(r)?
-2
Let o(z) = -3*z + 3*z - 2*z. Let d(q) = -q**3 - 55*q**2 + 159*q - 866. Let n be d(-58). Give o(n).
-8
Let m(n) = -10*n - 281. Suppose -1581 = 94*t - 13*t + 768. Determine m(t).
9
Let u(t) = -2*t**2 - 23*t - 35. Let i be (14/2 + -3)*15/(-12). Give u(i).
30
Let h(k) = 8*k + 115*k**2 + 25 - 114*k**2 - 2*k + 2*k. Calculate h(-9).
34
Suppose -3*q - 3*i + 5 = -55, -4*q = -i - 95. Let h(s) = 0*s - 12*s + 33*s - q*s**2 + s**3 + 14. Let g be h(22). Let p(y) = -y**2 - 4*y + 8. Determine p(g).
-24
Suppose 171 = 88*g + 2 - 183. Let o(h) be the second derivative of h**5/20 - h**4/3 + h**3/2 - 2*h**2 + h. Give o(g).
8
Let d(f) = -f - 4. Let l be d(4). Let r(t) = -38*t - 2474. Let u be r(-65). Let j be ((l/(-3))/(-2))/(u/(-6)). Let s(z) = -z**3 - 2*z**2 - 2. Give s(j).
-2
Let i = 160 - 143. Let v = -22 + i. Let l(a) = -2*a**2 - 7*a - 7. Calculate l(v).
-22
Let r(l) = l**2 - 14*l + 37. Suppose 3*h + 2 = 2*d, 5*h - 212 = -4*d - 164. Calculate r(h).
-3
Let b(u) = 5*u - 1. Let f(n) = -14*n - 55. Let t be 5 + -9 + 1 + -1. Let p be f(t). Give b(p).
4
Let w(q) = -q**2 - 7*q - 5. Let f be 1/2*(14 + 16/(-4)). Suppose -5*l = -0*l + 5, 0 = -f*n + l - 24. Give w(n).
5
Let t be (-4)/(-6) - (-4620)/(-45). Let v = -146 - t. Let y = v - -49. Let r(k) = -2*k + 4. Calculate r(y).
-6
Let x(k) = 6*k + 19. Let h(j) = -20*j - 56. Let t(u) = -2*h(u) - 7*x(u). Let q be t(-15). Let p(f) = -f**2 + 8*f. Determine p(q).
-9
Let q(t) = t**2 + 7*t - 5. Let i(c) = 2*c - 16. Let d be i(8). Suppose d = 2*l + 3*f - 4, 4*f - 5*f + 18 = 4*l. Suppose -7*m - 54 = -l. Give q(m).
-5
Let b(c) = 3*c + 19 - 15 - 2 + 3. Determine b(-1).
2
Let r(d) be the second derivative of -9*d**4/4 - 3*d**3/2 - 3*d**2/2 - 614*d + 1. Determine r(-1).
-21
Let r = -256 - -256. Let b be (440/(-275))/(r - 2/(-5)). Let h(d) = -d**2 - 7*d + 2. Calculate h(b).
14
Let b be 2 + 0 - (-4 + 0). Let a(n) = -n - 7*n**3 - b*n**2 + 5 + 4*n**3 - n + 4*n**3. Suppose -13*f + 204 = 21*f. Determine a(f).
-7
Let k(l) be the first derivative of 9*l + 2*l**3 + 1/4*l**4 - 12 + 3/2*l**2. Let r be 15/(-3) + (-2 - -1). What is k(r)?
-9
Let w(a) be the first derivative of a**3/3 - 10*a**2 + 29*a - 1053. Give w(19).
10
Let i(d) = 3*d**2 - 2*d - 2. Let b be 15 - (6/(-12))/((-2)/12). Let s = 14 - b. What is i(s)?
6
Let s(r) = r**3 + 4*r**2 + 8*r + 7. Let i(a) = -29*a + 200. Let v be i(7). Give s(v).
-8
Suppose -5*a + a = -8. Let f(x) = x**3 - 4 + x + 8*x**2 - 6*x**a + x - 6*x**2. Let j = -87 - -91. Calculate f(j).
4
Let j(s) = -35 - 10*s - 20 + 52. Let m be (-7)/4 + 15/(-60). What is j(m)?
17
Let l(b) = -3*b**3 + 167*b**2 + 64*b - 436. Let j be l(56). Let d(n) = -5*n + 63. Calculate d(j).
3
Let l(z) = -5*z**3 + 4*z**2 + 3*z + 1. Let s be ((-12)/(-9))/(476/(-204)*(-2)/(-7)). Calculate l(s).
51
Let p(d) = d - 5 + 8 + 1 - 8. Suppose -578 + 388 = -4*f - 15*f. Determine p(f).
6
Suppose -3710 + 3730 = -20*f. Let n(i) = -8*i - 12. Calculate n(f).
-4
Let n(u) = u**2. Let b(v) be the second derivative of -5*v**4/12 - 2*v**3 + 11*v**2/2 + 79*v. Let j(w) = -b(w) - 4*n(w). 